-102*x + 2654. What is v(26)?
2
Let x(l) = 4*l + 125. Give x(-22).
37
Let w(t) = -4*t**2 - 126*t - 180. Give w(-30).
0
Let a(x) = -113*x + 11271. Give a(100).
-29
Let q(j) = -14*j**3 - 7*j**2 + 2*j + 4. Calculate q(1).
-15
Let i(x) = -59*x - 4295. Give i(-73).
12
Let w(n) = n**3 - n**2 + n + 2. What is w(0)?
2
Let j(y) = -6014*y - 42108. What is j(-7)?
-10
Let h(i) = 10*i + 34. Determine h(-14).
-106
Let a(m) = 471*m - 10790. What is a(23)?
43
Let s(h) = -13*h**3 + 65*h**2 + 3*h - 2. Calculate s(5).
13
Let x(j) = -j**3 - 2*j**2 + 16*j + 7. Give x(4).
-25
Let s(h) = -h**3 + 9*h**2 + 44*h - 122. Give s(3).
64
Let h(a) = a**3 - 10*a**2 - 174*a + 51. Determine h(19).
-6
Let u(r) = r**3 - 36*r**2 - 51*r + 471. Calculate u(37).
-47
Let k(z) = z**3 + 32*z**2 - 9*z - 283. What is k(-32)?
5
Let b(n) = -n**2 - 26*n + 373. What is b(10)?
13
Let z(u) = 2*u**2 - 22*u - 15. Give z(11).
-15
Let b(s) = -9*s**2 + 110*s - 120. What is b(11)?
1
Let p(m) = -m**3 + 15*m**2 - 9*m - 64. Determine p(14).
6
Let l(r) = 2*r**3 + 80*r**2 + 4*r + 76. What is l(-40)?
-84
Let x(w) = -35*w**3 - 700*w**2 - w - 11. Determine x(-20).
9
Let o(u) = 19*u**2 - 17*u - 786. What is o(-6)?
0
Let q(x) = -x**3 - 65*x**2 + 118*x + 7679. Calculate q(-65).
9
Let b(j) = 4*j**2 - 91*j + 484. Calculate b(7).
43
Let x(w) = 4*w**3 + 26*w**2 - 19*w - 40. Give x(-7).
-5
Let r(v) = -v**2 + 10*v - 56. Determine r(6).
-32
Let z(y) = 9*y**2 + 69*y + 107. What is z(-3)?
-19
Let h(u) = -u**2 - 27*u - 619. Determine h(-32).
-779
Let b(u) = -1771*u + 3. Determine b(0).
3
Let s(d) = -11*d**2 - 18*d + 67. What is s(5)?
-298
Let r(h) = 11*h**3 - 89*h**2 - 16*h + 155. Give r(8).
-37
Let u(s) = s**2 - 143*s + 3778. Calculate u(35).
-2
Let m(r) = 2*r**3 + 10*r - 46. Determine m(3).
38
Let l(m) = -m**3 - 38*m**2 + 596*m - 187. Calculate l(-50).
13
Let y(w) = w**3 + 11*w**2 + 30*w + 18. Give y(-5).
18
Let t(o) = o**2 - 28*o - 35. Give t(37).
298
Let c(i) = i**3 - 24*i**2 + 61*i - 52. Calculate c(22).
322
Let b(m) = m**2 - 9*m - 3. Give b(20).
217
Let g(l) = -l**3 + 6*l**2 - 26*l + 51. What is g(2)?
15
Let g(d) = d**3 + 143*d**2 - 300*d - 1440. What is g(-145)?
10
Let f(x) = 62*x**3 + 3*x**2 + 3*x - 2. Give f(-1).
-64
Let d(s) = -71*s + 292. Give d(6).
-134
Let r(x) = 32*x - 1796. Give r(54).
-68
Let m(u) = u**2 + 27*u + 75. Calculate m(-33).
273
Let p(u) = 2*u**2 + 70*u + 604. Give p(-20).
4
Let j(y) = 70*y - 76. Give j(1).
-6
Let l(q) = -5*q**2 + q - 11. Determine l(4).
-87
Let h(t) = 10*t + 238. Determine h(0).
238
Let t(v) = -8*v**2 - 102*v - 49. Calculate t(-12).
23
Let d(v) = v**3 - 8*v**2 + 50*v - 725. Determine d(10).
-25
Let s(r) = -r**2 - 17*r + 201. Give s(-25).
1
Let w(k) = 118*k - 196. Calculate w(5).
394
Let t(a) = 2*a**3 + 115*a**2 + a - 5. What is t(0)?
-5
Let y(k) = 2*k**3 - 28*k**2 + 15*k + 119. Give y(13).
-24
Let x(y) = -3*y**2 + 5*y + 39. What is x(-5)?
-61
Let u(o) = -603*o**3 - 5*o**2 - 5*o + 5. What is u(1)?
-608
Let u(s) = -43*s + 311. Give u(8).
-33
Let i(p) = 57*p + 11112. What is i(-195)?
-3
Let f(v) = 164*v - 5660. Determine f(34).
-84
Let m(w) = -8*w + 598. Determine m(72).
22
Let o(g) = 29*g - 1536. Calculate o(53).
1
Let j(l) = 887*l - 4350. Determine j(5).
85
Let f(i) = -12*i**2 + 13*i + 4. Give f(1).
5
Let z(l) = 791*l + 7061. What is z(-9)?
-58
Let g(l) = l**3 + 30*l**2 + 113*l + 238. What is g(-26)?
4
Let r(m) = 13*m**2 + 62*m - 3. Give r(-5).
12
Let k(g) = -g**3 - 8*g**2 + 42*g - 99. Determine k(-12).
-27
Let x(u) = u**2 + 52*u - 76. Determine x(-53).
-23
Let u(w) = w**2 + 179*w + 2600. Give u(-14).
290
Let g(f) = 65*f**2 + 653*f - 7. Determine g(-10).
-37
Let y(n) = 27*n + 234. Determine y(-9).
-9
Let z(d) = 3*d**3 - 5*d**2 - 14*d. Determine z(-3).
-84
Let a(y) = -y**2 - 68*y - 354. Give a(-6).
18
Let a(x) = x**3 + 16*x**2 + 45*x + 9. Give a(-13).
-69
Let p(u) = -129*u - 5554. Give p(-43).
-7
Let j(f) = -90*f**2 + 54*f + 116. What is j(-2)?
-352
Let y(x) = -491*x - 515. Determine y(-1).
-24
Let t(n) = 2*n**3 + 76*n**2 + 320*n + 199. Calculate t(-4).
7
Let l(y) = y**3 - 16*y**2 + 62*y - 14. Give l(8).
-30
Let k(a) = -a**3 - 8*a**2 + 55*a - 25. Calculate k(4).
3
Let f(d) = 4*d**3 - 5*d**2 - 14*d + 48. Give f(3).
69
Let w(g) = -g**3 + 39*g**2 + g - 1. What is w(39)?
38
Let k(u) = -u**3 + 6*u**2 - 15*u + 65. Determine k(5).
15
Let c(h) = -h**3 + 4*h**2 + 6*h + 232. Give c(0).
232
Let q(x) = -3*x**2 + 41*x - 146. What is q(5)?
-16
Let l(h) = h**2 - 57*h - 572. Calculate l(66).
22
Let q(m) = -75*m - 1740. What is q(-23)?
-15
Let m(y) = -y**2 + 266*y - 1325. Give m(5).
-20
Let r(z) = 2*z**3 + 140*z**2 + 527*z - 122. Give r(-66).
-56
Let b(r) = r**2 - 84*r - 6883. Calculate b(135).
2
Let v(r) = -53*r**2 + 515*r - 322. Determine v(9).
20
Let m(p) = -p**2 - 105*p - 495. Calculate m(-100).
5
Let u(b) = 5736*b + 17221. Give u(-3).
13
Let p(o) = -o**3 + 32*o**2 - 178*o + 2. What is p(7)?
-19
Let d(s) = -9*s**3 + 63*s**2 - 21*s + 133. Determine d(7).
-14
Let k(s) = -s**2 + 161*s - 1783. What is k(149)?
5
Let o(n) = 18*n - 821. Give o(45).
-11
Let f(q) = 14*q**2 - 2667*q - 2668. Calculate f(-1).
13
Let q(y) = -32*y - 255. Give q(-8).
1
Let n(v) = 319*v - 15. Determine n(-1).
-334
Let g(o) = -o**3 + 21*o**2 + 20*o + 53. Determine g(22).
9
Let r(o) = o**3 - 120*o**2 + 2574*o + 179. What is r(92)?
-5
Let s(u) = u**3 + 43*u**2 - 70*u + 695. Calculate s(-45).
-205
Let h(y) = -y**3 + 27*y**2 + 469*y - 31. Calculate h(39).
8
Let i(z) = 11*z + 292. Give i(-27).
-5
Let d(t) = 12*t**2 - 137*t + 12. What is d(11)?
-43
Let g(n) = -69*n**2 + 12. Give g(-2).
-264
Let g(m) = -m**3 - 45*m**2 - 12*m - 497. Calculate g(-45).
43
Let d(z) = z**3 - 2*z**2 - 34*z - 49. Calculate d(7).
-42
Let s(k) = k**3 - 46*k**2 - 85*k - 191. Calculate s(48).
337
Let w(n) = 3*n**3 + 36*n**2 + 17*n + 50. Determine w(-12).
-154
Let n(j) = -137*j + 535. Calculate n(4).
-13
Let b(i) = -36*i**3 + 4*i**2 + 9*i - 31. Give b(2).
-285
Let q(d) = -d**3 - 23*d**2 - 29*d + 300. What is q(-21)?
27
Let g(b) = -22*b - 912. Give g(-41).
-10
Let p(r) = -18*r + 20. Calculate p(-13).
254
Let g(s) = 65*s - 844. What is g(13)?
1
Let z(l) = l**3 + 15*l**2 + 30*l + 217. What is z(-14)?
-7
Let x(w) = 18*w**2 - 2*w - 6. Determine x(0).
-6
Let m(r) = -4*r**2 - 66*r + 35. Give m(-13).
217
Let l(h) = -3*h**3 + 4*h**2 - 11*h + 13. Give l(2).
-17
Let w(x) = 15725*x + 47165. Determine w(-3).
-10
Let q(j) = -2*j**2 - 313*j - 5345. Give q(-137).
-2
Let g(v) = v**3 - 43*v**2 - 168*v + 1382. What is g(46)?
2
Let n(y) = -1921*y + 3833. What is n(2)?
-9
Let m(u) = 46*u**2 - 149*u - 455. Give m(-3).
406
Let n(q) = 45*q - 1089. What is n(24)?
-9
Let d(z) = -68*z - 13531. Give d(-199).
1
Let b(x) = 7*x - 192. Give b(10).
-122
Let h(z) = -328*z - 1129. Give h(-4).
183
Let u(r) = 2*r**3 - 220*r**2 - 225*r + 341. What is u(111)?
8
Let f(b) = -b**2 + 100*b - 1974. What is f(73)?
-3
Let o(q) = -6*q**3 - 66*q**2 + 6*q + 26. Give o(-11).
-40
Let h(p) = -p**2 + 29*p - 415. What is h(31)?
-477
Let o(a) = a**3 - 10*a. Calculate o(-4).
-24
Let r(g) = 4*g + 127. Give r(-10).
87
Let c(r) = -r**3 - 29*r**2 + 3*r. Determine c(-29).
-87
Let g(m) = -m**3 + 9*m**2 - 6*m - 5. What is g(8)?
11
Let m(l) = -l**2 + 30*l + 5835. Give m(-63).
-24
Let a(t) = 27*t**2 - 64*t + 33. Calculate a(2).
13
Let z(j) = 2*j**2 - 3*j + 8. Determine z(3).
17
Let r(t) = t**3 + 75*t**2 - 306*t + 778. Determine r(-79).
-12
Let x(g) = -12*g - 38. What is x(-2)?
-14
Let u(q) = 19*q**2 + 131*q + 105. Give u(-6).
3
Let b(g) = -g**3 - 55*g**2 + 6*g + 320. What is b(-55)?
-10
Let o(d) = 36*d - 29. Calculate o(1).
7
Let v(k) = 19*k**2 - 1300*k + 537. Determine v(68).
-7
Let d(k) = -k**2 - 110*k + 226. Determine d(2).
2
Let k(y) = y**2 + 183*y - 3222. Give k(16).
-38
Let p(u) = u**2 + 32*u - 144. Give p(-36).
0
Let r(p) = -23*p - 637. Determine r(0).
-637
Let i(t) = -14*t**2 - 4*t - 2. Calculate i(-1).
-12
Let s(v) = 164*v - 29360. Calculate s(179).
-4
Let q(y) = 10*y**2 + 831*y - 2487. Give q(-86).
7
Let a(t) = t**3 + 7*t**2 - 9*t - 13. Determine a(-9).
-94
Let m(a) = -a**3 + 90*a**2 - 7*a + 672. Calculate m(90).
42
Let z(a) = -124*a - 5791. What is z(-47)?
37
Let b(s) = -8*s**2 - 308*s + 155. What is b(-39)?
-1
Let i(o) = -o**2 - 120*o - 1099. Calculate i(-10).
1
Let k(i) = -3*i**2 + 249*i - 936. Calculate k(